{"id":17,"date":"2019-06-07T12:18:24","date_gmt":"2019-06-07T12:18:24","guid":{"rendered":"http:\/\/new.heptan.com\/?page_id=17"},"modified":"2019-06-08T15:48:11","modified_gmt":"2019-06-08T15:48:11","slug":"home","status":"publish","type":"page","link":"https:\/\/heptan.com\/","title":{"rendered":"Home"},"content":{"rendered":"<p><strong>Nieruchomo\u015bci to nasza pasja.<\/strong><\/p>\n<p><strong>Cel<\/strong> to pozycji lidera rynku w segmencie obs\u0142ugi transakcji dotycz\u0105cych obrotu nieruchomo\u015bciami oraz zarz\u0105dzania nimi.<\/p>\n<p><strong>Wizja<\/strong> to\u00a0 stworzenie funduszu kapita\u0142owego zdolnego przeprowadza\u0107 znaczne transakcje rynkowe i generuj\u0105cy zadowalaj\u0105cy przych\u00f3d dla cz\u0142onk\u00f3w funduszu.\u00a0<\/p>\n\n\n<p><\/p>\n","protected":false},"excerpt":{"rendered":"<p>Nieruchomo\u015bci to nasza pasja. Cel to pozycji lidera rynku w segmencie obs\u0142ugi transakcji dotycz\u0105cych obrotu nieruchomo\u015bciami oraz zarz\u0105dzania nimi. Wizja to\u00a0 stworzenie funduszu kapita\u0142owego zdolnego przeprowadza\u0107 znaczne transakcje rynkowe i generuj\u0105cy zadowalaj\u0105cy przych\u00f3d dla cz\u0142onk\u00f3w funduszu.\u00a0<\/p>\n","protected":false},"author":1,"featured_media":0,"parent":0,"menu_order":0,"comment_status":"closed","ping_status":"closed","template":"","meta":{"footnotes":""},"class_list":["post-17","page","type-page","status-publish","hentry"],"_links":{"self":[{"href":"https:\/\/heptan.com\/index.php?rest_route=\/wp\/v2\/pages\/17","targetHints":{"allow":["GET"]}}],"collection":[{"href":"https:\/\/heptan.com\/index.php?rest_route=\/wp\/v2\/pages"}],"about":[{"href":"https:\/\/heptan.com\/index.php?rest_route=\/wp\/v2\/types\/page"}],"author":[{"embeddable":true,"href":"https:\/\/heptan.com\/index.php?rest_route=\/wp\/v2\/users\/1"}],"replies":[{"embeddable":true,"href":"https:\/\/heptan.com\/index.php?rest_route=%2Fwp%2Fv2%2Fcomments&post=17"}],"version-history":[{"count":4,"href":"https:\/\/heptan.com\/index.php?rest_route=\/wp\/v2\/pages\/17\/revisions"}],"predecessor-version":[{"id":63,"href":"https:\/\/heptan.com\/index.php?rest_route=\/wp\/v2\/pages\/17\/revisions\/63"}],"wp:attachment":[{"href":"https:\/\/heptan.com\/index.php?rest_route=%2Fwp%2Fv2%2Fmedia&parent=17"}],"curies":[{"name":"wp","href":"https:\/\/api.w.org\/{rel}","templated":true}]}}